977314?
1
What is the units digit of 237666?
6
What is the thousands digit of 113012?
3
What is the tens digit of 3736425?
2
What is the ten thousands digit of 3778272?
7
What is the tens digit of 56230?
3
What is the ten thousands digit of 19981293?
8
What is the units digit of 6675305?
5
What is the tens digit of 248673?
7
What is the ten thousands digit of 11893017?
9
What is the thousands digit of 852188?
2
What is the thousands digit of 19060047?
0
What is the units digit of 133441?
1
What is the thousands digit of 58914?
8
What is the units digit of 94349?
9
What is the tens digit of 1684595?
9
What is the units digit of 122484?
4
What is the hundred thousands digit of 17779002?
7
What is the hundreds digit of 714938?
9
What is the hundreds digit of 86246?
2
What is the ten thousands digit of 3842008?
4
What is the ten thousands digit of 92912?
9
What is the thousands digit of 435667?
5
What is the thousands digit of 7540002?
0
What is the thousands digit of 10267273?
7
What is the ten thousands digit of 2735035?
3
What is the thousands digit of 1511689?
1
What is the ten thousands digit of 184640?
8
What is the ten thousands digit of 1765146?
6
What is the hundreds digit of 1540423?
4
What is the hundreds digit of 2551999?
9
What is the tens digit of 101141?
4
What is the ten thousands digit of 5306814?
0
What is the hundred thousands digit of 1305955?
3
What is the units digit of 15165040?
0
What is the tens digit of 26746009?
0
What is the tens digit of 370872?
7
What is the thousands digit of 2025639?
5
What is the tens digit of 5000839?
3
What is the units digit of 3543091?
1
What is the tens digit of 1491179?
7
What is the hundred thousands digit of 2365841?
3
What is the hundred thousands digit of 4780895?
7
What is the units digit of 1067271?
1
What is the ten thousands digit of 58358?
5
What is the thousands digit of 149247?
9
What is the ten thousands digit of 3795113?
9
What is the thousands digit of 10117777?
7
What is the thousands digit of 12435843?
5
What is the thousands digit of 36669?
6
What is the hundreds digit of 30258898?
8
What is the hundred thousands digit of 193961?
1
What is the units digit of 501466?
6
What is the hundred thousands digit of 470972?
4
What is the hundred thousands digit of 603995?
6
What is the hundred thousands digit of 1060940?
0
What is the ten millions digit of 11697362?
1
What is the millions digit of 10516925?
0
What is the millions digit of 17311213?
7
What is the hundreds digit of 12428473?
4
What is the hundred thousands digit of 366215?
3
What is the ten thousands digit of 318509?
1
What is the units digit of 7962599?
9
What is the units digit of 371217?
7
What is the hundred thousands digit of 115419?
1
What is the hundred thousands digit of 4589153?
5
What is the tens digit of 1929238?
3
What is the hundreds digit of 3255513?
5
What is the ten thousands digit of 1218387?
1
What is the hundreds digit of 248449?
4
What is the tens digit of 12823?
2
What is the tens digit of 41911?
1
What is the ten thousands digit of 1070003?
7
What is the units digit of 377243?
3
What is the tens digit of 153732?
3
What is the ten thousands digit of 15992254?
9
What is the millions digit of 3899926?
3
What is the millions digit of 13086539?
3
What is the hundred thousands digit of 287617?
2
What is the tens digit of 1308492?
9
What is the hundreds digit of 199866?
8
What is the hundred thousands digit of 589905?
5
What is the ten thousands digit of 10153841?
5
What is the thousands digit of 752134?
2
What is the ten thousands digit of 1337505?
3
What is the ten thousands digit of 786777?
8
What is the hundreds digit of 19987610?
6
What is the hundred thousands digit of 5472157?
4
What is the hundred thousands digit of 4921354?
9
What is the units digit of 10574403?
3
What is the thousands digit of 3351479?
1
What is the ten thousands digit of 13699471?
9
What is the thousands digit of 7869260?
9
What is the hundred thousands digit of 273022?
2
What is the hundred thousands digit of 424905?
4
What is the units digit of 185280?
0
What is the ten thousands digit of 100468?
0
What is the units digit of 1007886?
6
What is the millions digit of 14810997?
4
What is the tens digit of 61971?
7
What is the hundred thousands digit of 469388?
4
What is the millions digit of 1151287?
1
What is the units digit of 1491963?
3
What is the ten thousands digit of 2327202?
2
What is the tens digit of 3042263?
6
What is the units digit of 140071?
1
What is the ten thousands digit of 303050?
0
What is the thousands digit of 1461931?
1
What is the millions digit of 4908226?
4
What is the thousands digit of 865118?
5
What is the ten thousands digit of 8934057?
3
What is the ten thousands digit of 1121214?
2
What is the ten thousands digit of 227815?
2
What is the units digit of 94771?
1
What is the units digit of 407863?
3
What is the units digit of 4423544?
4
What is the hundred thousands digit of 743901?
7
What is the thousands digit of 2392902?
2
What is the ten thousands digit of 4131712?
3
What is the ten thousands digit of 137592?
3
What is the hundred thousands digit of 3910805?
9
What is the hundred thousands digit of 1795331?
7
What is the thousands digit of 368221?
8
What is the units digit of 61894?
4
What is the ten thousands digit of 3344847?
4
What is the hundreds digit of 3375218?
2
What is the tens digit of 14486696?
9
What is the tens digit of 351471?
7
What is the thousands digit of 1827090?
7
What is the units digit of 341923?
3
What is the hundreds digit of 1005417?
4
What is the thousands digit of 2425208?
5
What is the thousands digit of 2074809?
4
What is the hundreds digit of 2429335?
3
What is the thousands digit of 1996430?
6
What is the tens digit of 70090?
9
What is the thousands digit of 1809054?
9
What is the hundreds digit of 976474?
4
What is the units digit of 1427184?
4
What is the hundred thousands digit of 10013574?
0
What is the millions digit of 1162706?
1
What is the ten thousands digit of 248916?
4
What is the units digit of 414015?
5
What is the units digit of 3307618?
8
What is the thousands digit of 636654?
6
What is the hundreds digit of 492999?
9
What is the units digit of 2205159?
9
What is the tens digit of 200167?
6
What is the units digit of 4170336?
6
What is the millions digit of 9413543?
9
What is the thousands digit of 40373?
0
What is the units digit of 5806415?
5
What is the hundred thousands digit of 176719?
1
What is the units digit of 9451922?
2
What is the units digit of 475652?
2
What is the ten thousands digit of 11694232?
9
What is the units digit of 1412565?
5
What is the ten thousands digit of 1234130?
3
What is the hundred thousands digit of 17683663?
6
What is the units digit of 4563198?
8
What is the millions digit of 1243684?
1
What is the ten thousands digit of 1181148?
8
What is the ten thousands digit of 76089?
7
What is the hundred thousands digit of 22064811?
0
What is the units digit of 155401?
1
What is the hundred thousands digit of 686169?
6
What is the thousands digit of 3166751?
6
What is the thousands digit of 54434?
4
What is the units digit of 345143?
3
What is the ten thousands digit of 1062499?
6
What is the millions digit of 26620701?
6
What is the units digit of 887006?
6
What is the thousands digit of 277664?
7
What is the units digit of 2563546?
6
What is the thousands digit of 161554?
1
What is the ten millions digit of 16020439?
1
What is the ten thousands digit of 7327547?
2
What is the hundreds digit of 98528?
5
What is the units digit of 2666535?
5
What is the units digit of 7178449?
9
What is the thousands digit of 17413242?
3
What is the tens digit of 10456865?
6
What is the units digit of 9083431?
1
What is the hundreds digit of 799449?
4
What is the tens digit of 5164412?
1
What is the millions digit of 36577411?
6
What is the tens digit of 13252247?
4
What is the thousands digit of 448333?
8
What is the thousands digit of 36230348?
0
What is the thousands digit of 34465631?
5
What is the thousands digit of 398043?
8
What is the units digit of 59695?
5
What is the units digit of 5223181?
1
What is the units digit of 4271350?
0
What is the tens digit of 3225404?
0
What is the units digit of 342503?
3
What is the thousands di